42
Calculate the highest common divisor of 1829 and 31.
31
What is the highest common factor of 171 and 418?
19
Calculate the highest common divisor of 425 and 3315.
85
Calculate the greatest common divisor of 96 and 11136.
96
What is the highest common divisor of 60 and 1460?
20
Calculate the highest common divisor of 10 and 8560.
10
What is the greatest common factor of 375 and 6?
3
What is the highest common divisor of 13 and 19?
1
Calculate the highest common divisor of 1701 and 18.
9
Calculate the highest common factor of 1112 and 56.
8
Calculate the greatest common divisor of 147 and 3.
3
Calculate the highest common divisor of 79 and 711.
79
What is the highest common divisor of 14 and 434?
14
Calculate the greatest common factor of 108 and 1152.
36
What is the greatest common factor of 648 and 405?
81
What is the greatest common divisor of 1067 and 33?
11
Calculate the highest common divisor of 10335 and 530.
265
What is the highest common factor of 116 and 145?
29
Calculate the greatest common factor of 40 and 64.
8
Calculate the highest common factor of 110 and 40.
10
Calculate the greatest common factor of 99 and 396.
99
Calculate the greatest common divisor of 3 and 69.
3
What is the highest common factor of 46 and 1633?
23
Calculate the greatest common divisor of 40 and 1280.
40
Calculate the greatest common factor of 595 and 175.
35
What is the highest common factor of 85 and 16847?
17
What is the highest common divisor of 318 and 1166?
106
What is the greatest common divisor of 39900 and 60?
60
What is the greatest common factor of 21 and 1659?
21
What is the highest common factor of 12 and 68?
4
Calculate the greatest common factor of 21 and 24.
3
Calculate the greatest common factor of 118 and 4.
2
Calculate the greatest common divisor of 115 and 23.
23
Calculate the greatest common factor of 174 and 609.
87
Calculate the greatest common divisor of 923 and 13.
13
Calculate the greatest common factor of 110 and 9130.
110
What is the greatest common divisor of 434 and 279?
31
Calculate the highest common factor of 11 and 121.
11
What is the highest common divisor of 13086 and 18?
18
Calculate the greatest common divisor of 6920 and 40.
40
Calculate the highest common divisor of 736 and 1568.
32
What is the highest common factor of 23 and 7199?
23
Calculate the highest common factor of 6410 and 30.
10
What is the highest common factor of 14075 and 25?
25
Calculate the highest common divisor of 329 and 28.
7
What is the greatest common divisor of 10 and 10?
10
What is the highest common divisor of 15 and 57?
3
Calculate the greatest common factor of 5 and 125.
5
What is the greatest common factor of 6 and 1682?
2
What is the highest common divisor of 19987 and 506?
253
What is the greatest common factor of 7714 and 228?
38
What is the highest common factor of 14 and 2674?
14
What is the greatest common factor of 38 and 57?
19
Calculate the highest common divisor of 4416 and 207.
69
What is the highest common divisor of 3 and 1362?
3
Calculate the greatest common divisor of 304 and 57.
19
Calculate the highest common divisor of 6 and 138.
6
What is the highest common factor of 1964 and 4?
4
Calculate the highest common divisor of 4053 and 42.
21
What is the highest common factor of 3385 and 10?
5
What is the highest common factor of 752 and 94?
94
Calculate the highest common factor of 99 and 1199.
11
What is the highest common factor of 185 and 10?
5
What is the highest common factor of 1520 and 76?
76
What is the highest common divisor of 517 and 11?
11
Calculate the greatest common divisor of 48 and 18.
6
Calculate the highest common factor of 8624 and 704.
176
Calculate the highest common divisor of 690 and 3036.
138
Calculate the greatest common factor of 468 and 36.
36
What is the highest common divisor of 624 and 39?
39
What is the greatest common factor of 55 and 5632?
11
Calculate the highest common factor of 1378 and 182.
26
What is the highest common divisor of 50 and 150?
50
What is the greatest common divisor of 913 and 187?
11
Calculate the greatest common factor of 164 and 7831.
41
Calculate the highest common divisor of 1539 and 19.
19
Calculate the greatest common factor of 2 and 194.
2
Calculate the highest common divisor of 99 and 3168.
99
Calculate the greatest common divisor of 91 and 1729.
91
Calculate the greatest common divisor of 14132 and 4.
4
What is the greatest common divisor of 600 and 32?
8
What is the greatest common factor of 54 and 180?
18
What is the greatest common divisor of 185 and 259?
37
Calculate the highest common factor of 47 and 3149.
47
Calculate the highest common factor of 5 and 5485.
5
Calculate the highest common factor of 132 and 39336.
132
Calculate the highest common divisor of 3 and 57.
3
What is the greatest common divisor of 34 and 102?
34
What is the highest common factor of 1936 and 64?
16
What is the highest common factor of 122 and 427?
61
What is the greatest common factor of 26 and 4303?
13
What is the highest common divisor of 530 and 10?
10
Calculate the highest common divisor of 32340 and 28.
28
What is the highest common factor of 180 and 315?
45
What is the greatest common divisor of 2 and 1126?
2
Calculate the highest common factor of 318 and 742.
106
Calculate the greatest common divisor of 26 and 650.
26
Calculate the highest common factor of 6775 and 50.
25
Calculate the greatest common divisor of 32 and 18512.
16
What is the greatest common divisor of 235 and 94?
47
What is the highest common divisor of 9 and 144?
9
What is the highest common divisor of 22990 and 190?
190
Calculate the greatest common divisor of 15 and 75.
15
Calculate the greatest common divisor of 407 and 198.
11
Calculate the highest common divisor of 46 and 322.
46
Calculate the highest common divisor of 2380 and 420.
140
What is the highest common divisor of 1056 and 96?
96
What is the greatest common divisor of 775 and 25?
25
Calculate the highest common divisor of 190 and 40.
10
Calculate the greatest common factor of 7880 and 30.
10
What is the highest common factor of 50 and 128?
2
Calculate the greatest common divisor of 54 and 12582.
54
Calculate the highest common divisor of 55 and 6985.
55
Calculate the highest common factor of 3968 and 31.
31
What is the highest common divisor of 45 and 621?
9
Calculate the highest common divisor of 64 and 544.
32
Calculate the highest common divisor of 140 and 28.
28
Calculate the highest common divisor of 22 and 5346.
22
What is the highest common divisor of 306 and 68?
34
What is the greatest common factor of 110 and 385?
55
What is the highest common divisor of 952 and 102?
34
What is the highest common factor of 8 and 14984?
8
Calculate the greatest common factor of 1826 and 830.
166
What is the highest common divisor of 1023 and 682?
341
What is the highest common divisor of 141 and 188?
47
What is the greatest common divisor of 117 and 18?
9
Calculate the greatest common factor of 154 and 161.
7
Calculate the highest common factor of 1111 and 55.
11
What is the highest common divisor of 4544 and 71?
71
Calculate the highest common factor of 152 and 7600.
152
Calculate the highest common divisor of 75 and 105.
15
Calculate the highest common divisor of 308 and 560.
28
Calculate the greatest common divisor of 213 and 2414.
71
Calculate the highest common factor of 338 and 1.
1
Calculate the greatest common divisor of 1541 and 69.
23
Calculate the greatest common divisor of 45798 and 34.
34
Calculate the highest common divisor of 963 and 27.
9
Calculate the highest common factor of 2379 and 39.
39
What is the greatest common factor of 41 and 164?
41
Calculate the greatest common factor of 63 and 399.
21
Calculate the highest common divisor of 35 and 20.
5
Calculate the greatest common factor of 1520 and 880.
80
Calculate the greatest common divisor of 22 and 4202.
22
Calculate the greatest common divisor of 1287 and 99.
99
What is the highest common divisor of 4482 and 54?
54
What is the highest common factor of 319 and 88?
11
What is the highest common factor of 320 and 60?
20
What is the greatest common factor of 116 and 8?
4
Calculate the highest common divisor of 1360 and 92.
4
Calculate the highest common factor of 485 and 10.
5
What 